Is 19 a factor of 157836059?
True
Is 25 a factor of 1322757583?
False
Is 1639728 a multiple of 177?
True
Does 9 divide 1122126939?
True
Is 16 a factor of 4266663552?
True
Is 5 a factor of 28799583?
False
Is 740770614 a multiple of 18?
True
Is 17 a factor of 60218692?
True
Does 3072 divide 215915520?
True
Does 251 divide 4161180910?
True
Does 2 divide 42591005?
False
Is 3391083934 a multiple of 452?
False
Does 56 divide 97094816?
True
Does 3 divide 14203654?
False
Does 7 divide 4996040?
True
Is 14 a factor of 72184500?
False
Is 21 a factor of 683664492?
True
Is 12634360 a multiple of 155?
True
Is 38014550 a multiple of 50?
True
Is 2850135900 a multiple of 5196?
True
Is 123657561 a multiple of 9?
True
Does 1081 divide 58828303?
False
Does 16 divide 1218242112?
True
Is 2902796682 a multiple of 4233?
True
Is 1848110582 a multiple of 28?
False
Does 48 divide 113292096?
True
Is 15885184 a multiple of 14?
True
Is 313 a factor of 257610581?
True
Does 1566 divide 427680864?
True
Is 16004115 a multiple of 78?
False
Is 80900486 a multiple of 3?
False
Is 160453707 a multiple of 19?
False
Is 336198509 a multiple of 29?
False
Is 659908817 a multiple of 38?
False
Does 9 divide 7529418?
True
Is 891081125 a multiple of 11?
True
Is 6711754 a multiple of 7?
True
Does 757 divide 9506912?
False
Does 330 divide 37386341?
False
Does 43 divide 703211938?
True
Is 15 a factor of 119008596?
False
Is 213745950 a multiple of 10?
True
Does 1800 divide 91443665?
False
Is 189477751 a multiple of 15?
False
Does 1148 divide 56429940?
True
Is 161828464 a multiple of 8?
True
Is 263 a factor of 1026736483?
True
Is 286 a factor of 807378?
True
Is 85 a factor of 7662458?
False
Does 317 divide 154305139?
True
Does 201 divide 6753399?
True
Is 19517064 a multiple of 168?
True
Is 803 a factor of 2928052776?
True
Is 15 a factor of 92009773?
False
Is 89213785 a multiple of 150?
False
Is 810646557 a multiple of 978?
False
Does 72 divide 123500402?
False
Does 13 divide 2735009257?
False
Is 72 a factor of 70457904?
True
Does 9 divide 9952445?
False
Is 2586 a factor of 31913826?
True
Does 174 divide 794637617?
False
Does 37 divide 127348598?
True
Is 873805066 a multiple of 60?
False
Does 316 divide 4536180?
True
Does 18 divide 7009617?
False
Does 21 divide 621969473?
False
Is 1549328706 a multiple of 15?
False
Is 16 a factor of 2720704?
True
Is 1033 a factor of 203734458?
True
Is 5554 a factor of 279588360?
True
Is 3 a factor of 315871254?
True
Is 59278712 a multiple of 8?
True
Is 163710864 a multiple of 1112?
True
Is 319 a factor of 972376605?
False
Does 44 divide 57871763?
False
Is 1375 a factor of 51463826?
False
Does 1902 divide 25420230?
True
Is 801 a factor of 68995946?
False
Does 24 divide 64129896?
True
Does 10784 divide 6055197501?
False
Does 503 divide 8951100?
False
Does 10 divide 38929530?
True
Is 95610011 a multiple of 389?
False
Is 1859 a factor of 21113761?
False
Is 464148529 a multiple of 4864?
False
Is 15212756 a multiple of 221?
True
Is 18867646 a multiple of 19?
True
Is 9508956 a multiple of 24?
False
Is 2743 a factor of 491547118?
False
Is 10052061 a multiple of 2?
False
Does 1943 divide 101317735?
True
Is 2596 a factor of 2771560?
False
Is 244 a factor of 298418588?
True
Is 7 a factor of 86532767?
False
Is 43 a factor of 1432999033?
False
Is 20 a factor of 84890778?
False
Does 39 divide 2789131251?
False
Does 10 divide 802516439?
False
Does 4 divide 105281665?
False
Does 374 divide 115274910?
False
Is 129 a factor of 3922046563?
False
Is 1101 a factor of 902704395?
True
Is 179 a factor of 57215560?
True
Is 4 a factor of 59993906?
False
Is 121055715 a multiple of 405?
True
Does 7432 divide 461552040?
False
Is 15 a factor of 152240100?
True
Is 701 a factor of 34340849?
False
Does 443 divide 184745634?
False
Is 404128790 a multiple of 661?
True
Is 101910121 a multiple of 189?
False
Is 103094767 a multiple of 826?
False
Does 121 divide 121711112?
False
Is 1547251368 a multiple of 1742?
True
Is 13815074 a multiple of 145?
False
Does 39 divide 123278961?
True
Is 19 a factor of 410011751?
False
Is 31 a factor of 39744919?
False
Is 262 a factor of 335970573?
False
Is 83402976 a multiple of 16?
True
Is 29365217 a multiple of 13?
False
Is 9353044 a multiple of 3?
False
Is 4324 a factor of 138895868?
False
Is 200 a factor of 46047600?
True
Does 64 divide 26099243?
False
Is 3 a factor of 565645567?
False
Does 715 divide 95313790?
True
Is 407598410 a multiple of 230?
True
Does 240 divide 2346720?
True
Is 483580986 a multiple of 7?
True
Is 14 a factor of 40864782?
True
Does 319 divide 68541179?
False
Is 65669292 a multiple of 34?
False
Is 22482363 a multiple of 71?
True
Does 5934 divide 880528458?
True
Is 72 a factor of 101363554?
False
Is 89 a factor of 637287245?
False
Is 5 a factor of 1129368?
False
Is 804264299 a multiple of 52?
False
Is 172619318 a multiple of 50?
False
Does 89 divide 22477451?
False
Does 2142 divide 104368950?
True
Is 6186680 a multiple of 4?
True
Is 4576 a factor of 468271232?
True
Does 651 divide 75672311?
False
Is 177 a factor of 73608813?
True
Is 8485330 a multiple of 44?
False
Is 39 a factor of 3677643?
False
Does 971 divide 81516782?
False
Is 281 a factor of 15823844?
False
Is 390372430 a multiple of 284?
False
Is 2 a factor of 123767367?
False
Is 167 a factor of 10215724?
True
Is 1224626480 a multiple of 7420?
True
Is 432479599 a multiple of 85?
False
Is 802351869 a multiple of 4565?
False
Is 60 a factor of 63396360?
True
Is 53 a factor of 252867240?
True
Is 14 a factor of 3936684?
False
Is 2171 a factor of 71011239?
True
Is 10 a factor of 310829520?
True
Does 3 divide 465348?
True
Does 41 divide 144135537?
False
Is 698325189 a multiple of 2788?
False
Is 27 a factor of 175994914?
False
Is 248995484 a multiple of 112?
False
Does 62 divide 57713465?
False
Does 3 divide 13168527?
True
Is 25 a factor of 411279200?
True
Is 32589502 a multiple of 1244?
False
Is 16 a factor of 57552381?
False
Does 43 divide 159868105?
False
Is 1571 a factor of 2213094407?
True
Is 11 a factor of 67439240?
True
Is 421847831 a multiple of 1067?
False
Is 2756646 a multiple of 213?
True
Is 431743515 a multiple of 35?
True
Is 1157461682 a multiple of 325?
False
Is 65200634 a multiple of 14?
False
Is 1288 a factor of 25970917?
False
Is 62480481 a multiple of 371?
True
Does 76 divide 222496612?
True
Is 18 a factor of 6122585304?
True
Is 35 a factor of 822007620?
True
Is 251119089 a multiple of 16?
False
Does 919 divide 81883819?
True
Is 10043472 a multiple of 25?
False
Is 16290846 a multiple of 7?
False
Is 238 a factor of 2805220?
False
Is 27 a factor of 10339281?
False
Is 412 a factor of 10352824?
False
Is 65281300 a multiple of 179?
True
Is 3422371990 a multiple of 123?
False
Is 55596720 a multiple of 996?
True
Does 2 divide 98807063?
False
Is 43476975 a multiple of 2004?
False
Does 4314 divide 2923511520?
True
Is 26 a factor of 69493216?
True
Does 5 divide 13227870?
True
Is 16 a factor of 93229689?
False
Is 180 a factor of 80314560?
True
Does 1350 divide 47040503?
False
Does 1267 divide 95832079?
True
Is 2466 a factor of 212026680?
True
Does 274 divide 99218962?
True
Is 15 a factor of 13726050?
True
Is 336 a factor of 112494480?
True
Is 141067318 a multiple of 61?
False
Is 198 a factor of 81103888?
False
Is 2039925 a multiple of 295?
True
Does 140 divide 6384967?
False
Does 986 divide 116643793?
False
Is 45 a factor of 132522225?
False
Is 365105070 a multiple of 18?
True
Is 5 a factor of 44367127?
False
Is 61 a factor of 24468716?
False
Does 554 divide 36978338?
False
Is 4308192455 a multiple of 245?
True
Is 59238593 a multiple of 12?
False
Is 187700248 a multiple of 1208?
True
Does 79 divide 30076880?
True
Is 4 a factor of 14249844?
True
Does 30 divide 46999740?
True
Is 324165648 a multiple of 516?
True
Is 182444024 a multiple of 3448?
True
Is 21599963 a multiple of 11?
True
Is 41356170 a multiple of 1830?
True
Is 1939173060 a multiple of 1298?
True
Does 802 divide 29005132?
True
Is 11366110 a multiple of 397?
True
Is 14368 a factor of 4853266144?
True
Does 128 divide 621189376?
True
Is 102 a factor of 676844664?
True
Is 18149626 a multiple of 22?
True
Is 704297274 a multiple of 35?
False
Is 65803866 even?
True
Is 168578829 a multiple of 50?
False
Is 1330 a factor of 610439410?